 71 + -12. Suppose 4*v - 188 = 4*y, y = 3*v - 74 - f. Calculate the remainder when v is divided by 15.
13
Let c(z) = z**2 - 4*z + 5. Let l be c(4). Let q = 3 - l. Calculate the remainder when 25 is divided by q/(-6) - 26/(-3).
7
Let p be 1/3 + 29/3. Let y(k) = k**3 - 8*k**2 - 5*k + 5. Let v be y(p). Let z = v - 109. Calculate the remainder when z is divided by 16.
14
Let i(r) = r**2 - 6*r + 2. Let a be i(6). Calculate the remainder when 13 is divided by 3 + (a/1 - 1).
1
Suppose -i + 5*i = -2*y - 2, 3*i - 3*y = 21. Suppose -4*c = -i*c - 24. Suppose -a = -3*m + 102, 0 = -9*a + 4*a. What is the remainder when m is divided by c?
10
Suppose -3*r + 4*n = 92, -4*r - 35 = -n + 79. Let a = r + 62. What is the remainder when a is divided by (2 + -1)*0 + 18?
16
Suppose -4*u + 110 = u. Let b(g) = g**2 + 2*g - 9. Calculate the remainder when u is divided by b(-5).
4
Let i = 257 - 189. Calculate the remainder when i is divided by 7.
5
Let z = 52 + -43. Calculate the remainder when z is divided by 6.
3
Let g = 3 + -5. Let z be g*141/6 + -2. Let m = z + 75. What is the remainder when m is divided by 9?
8
Suppose 5*b - 2*h - 12 - 138 = 0, -b + 17 = -3*h. Suppose -s - 6 = -b. What is the remainder when s is divided by 9?
8
Let f = -41 + 150. Calculate the remainder when f is divided by 29.
22
Let j = 0 + 4. What is the remainder when j is divided by 4/(-26) - (-164)/52?
1
Let w(b) = -28*b + 4. Let u be w(-3). Let p be (u/(-3))/((-1)/3). Suppose -a - p = -4*c - c, c - 4*a = 29. Calculate the remainder when 50 is divided by c.
16
Let m = -3 - 42. Let v be m/(-12) - (-2)/8. Suppose c - v*q = 15, -4*q + 16 = 4*c - 24. Calculate the remainder when c is divided by 6.
5
Let v = 10 - 0. Calculate the remainder when 34 is divided by (-8)/v*(9 - 24).
10
Suppose 0 = -q - q + 32. Calculate the remainder when 444/10 - ((-128)/(-20) + -7) is divided by q.
13
Let l(h) = 2*h**3 - 17*h**2 + h - 4. What is the remainder when l(9) is divided by 22?
20
Let g be ((-3)/(-9))/(1/15). Suppose 2*s - g*s = -69. Suppose 0 = 7*o - 2*o - 40. What is the remainder when s is divided by o?
7
Let l(p) = 2*p - 6 + 3 - 6. What is the remainder when 5 is divided by l(6)?
2
Let h = -7 - -116. Let w = 49 + -21. Calculate the remainder when h is divided by w.
25
Suppose -122 - 115 = -3*a. Suppose -5*s = -r - a, -3 = -3*s - 2*r + 34. What is the remainder when 58 is divided by s?
13
Suppose 5*l + 18 = -12. Calculate the remainder when 20 is divided by (-280)/(-24) + 4/l.
9
Let d = -10 - -15. What is the remainder when (-12)/(-30) - (-93)/d is divided by 10?
9
Suppose 0 = -0*u + 4*u - 136. Calculate the remainder when u is divided by 12.
10
Let k = -17 - -5. Let o = -7 - k. Let x = -9 + 18. Calculate the remainder when x is divided by o.
4
Suppose -4*l = -2*o - 0*o - 42, 3 = -o. Let g(u) = -u**3 - 8*u**2 - u - 4. What is the remainder when l is divided by g(-8)?
1
Suppose -4*h + 3 = -5. Suppose -3*o + 110 = -h*s - 2*s, 4*s = -8. What is the remainder when o is divided by 12?
10
Let y be (-3)/(-2) - 1/(-2). Suppose -y*g = -s + 19 - 60, 0 = -3*g + 5*s + 72. Calculate the remainder when g is divided by 7.
5
Suppose -a + 26 = 3*c, 4 = 4*c - 4. Calculate the remainder when 68 is divided by 2 - (2/(-2) - a).
22
Suppose 0*z = j - z, -4*j - 2*z + 12 = 0. Suppose 4*a - 5*r + j*r = 60, -r = 3*a - 45. What is the remainder when a is divided by 1 - (2 + 5*-1)?
3
Let k = 41 + -102. What is the remainder when 46 is divided by 2/(-10) - k/5?
10
Suppose 3*f = -4*j + 49, -f - 3*j = -j - 15. Suppose 3*a - 4 = 5*a. Calculate the remainder when f is divided by 66/10 + a/(-5).
5
Let m = -86 + 109. What is the remainder when 59 is divided by m?
13
Let i be 1 - (-2 - (-2 + 2)). Suppose -35 + 9 = -4*f + 5*y, -i*y = -3*f + 18. Suppose f + 5 = q. Calculate the remainder when 26 is divided by q.
8
Let t(u) = u - 5. Let q be t(7). Suppose 3*y - 3*c = 27, y - 44 = -3*y + q*c. Let x = 22 - y. Calculate the remainder when 26 is divided by x.
8
Suppose -4*f - 2*z + 150 = 0, 2*f - 16 = -2*z + 56. Calculate the remainder when f is divided by 15.
9
Let c be 4 + (0 - 2) - 0. Suppose 3*p + 4*x = 55, -2*x = c*p - 0*p - 34. Calculate the remainder when 25 is divided by p.
12
Let l = 110 + -22. Calculate the remainder when l is divided by 13.
10
Suppose -4*o - 41 = -b - 318, -o = -4*b - 58. What is the remainder when o is divided by 24?
22
Let y(z) = -z**2 + 13*z - 6. What is the remainder when 93 is divided by y(10)?
21
Suppose 3*b + 204 = 9*b. Let r(c) = -c + 1. Let y be r(-5). Suppose 6 = o - y. What is the remainder when b is divided by o?
10
Calculate the remainder when (-2)/(-12)*-3*-38 is divided by 15.
4
Let t = 115 - 102. What is the remainder when t is divided by 2?
1
Let a(d) = d**2 + 3*d - 9. Calculate the remainder when (1022/28)/((-2)/(-4)) is divided by a(-7).
16
Let k(y) = 8*y**2 - 2*y - 1. Let b = 25 - -8. What is the remainder when b is divided by k(-1)?
6
Let y = -54 + 79. Calculate the remainder when 149 is divided by y.
24
Let i(j) = -10*j + 14. What is the remainder when 172 is divided by i(-3)?
40
What is the remainder when 62 is divided by (32/10)/((-6)/(-30))?
14
Let g = 178 + -157. What is the remainder when g is divided by 11?
10
Let s = -3 - -5. What is the remainder when 54 is divided by s - (-3 + 5 - 14)?
12
Let w = -82 - -46. Calculate the remainder when -3 - -4 - w/1 is divided by 13.
11
Let f(r) = r**2 - 11*r - 3. Suppose -3*d + 30 + 6 = 0. Calculate the remainder when f(d) is divided by 3.
0
What is the remainder when 53/(-4)*(-5 - -1) is divided by 9?
8
Suppose 4*b + 53 = 253. Calculate the remainder when b is divided by (-17)/(-1) + -1 + 1.
16
Let i(o) = 10*o**3 - o**2 - 3*o + 2. Let f be i(2). Suppose 0 = -t + 4, 0 = -6*h + 4*h + t + f. Calculate the remainder when h is divided by 10.
8
Calculate the remainder when 17 is divided by 2 - ((-2)/(-3))/((-4)/30).
3
Let q = -6 - -21. Suppose -v = -3*v + 146. What is the remainder when v is divided by q?
13
Suppose 0 = w + 4, -5*d - 3*w = -2*d. Calculate the remainder when 9 is divided by d.
1
Suppose -98 - 25 = 3*i. Let b(y) = 82*y + 1. Let a be b(1). Let c = a + i. Calculate the remainder when c is divided by 22.
20
Suppose -2*s - 26 = -4*o, 37 = 3*o - s - 4*s. Suppose o*p = 12 + 12. Let q = 42 + -26. Calculate the remainder when q is divided by p.
4
Suppose 57 = x + 2*x. What is the remainder when x is divided by 5?
4
Let y be -13 - (2/(-1) - -1). Let s be -2*(-87)/y*-4. Suppose 0 = -5*j + s - 13. Calculate the remainder when 17 is divided by j.
8
Calculate the remainder when ((-4)/6 - 0)/(2/(-51)) is divided by 7.
3
Suppose -5*m + m = -96. Suppose -5*h + h + m = 0. Calculate the remainder when 17 is divided by h.
5
Let y = 53 + -8. Let n = y - 24. Calculate the remainder when 62 is divided by n.
20
Let z(q) be the first derivative of -2*q**3/3 - q**2/2 + 8*q - 9. What is the remainder when (0 - -1)*(0 - -14) is divided by z(0)?
6
Let s = 48 - 38. Let d = -5 + 1. What is the remainder when d/(-10) - (-586)/s is divided by 20?
19
Let r be (-3 - -6)/(-6)*0. Let c = r - -10. Calculate the remainder when 38 is divided by c.
8
Let h be (2/(-1))/((-2)/32). What is the remainder when 22 is divided by h/6*12/8?
6
Let x = -3 + 6. Let k(u) = u**2 + 3*u + 1. Let d be k(1). Suppose 0*g = d*p + 4*g - 85, x*p = 3*g + 24. What is the remainder when 23 is divided by p?
10
Suppose 2*o - 28 = -2*t, -5*t = -2*o - o - 62. What is the remainder when 25 is divided by t?
12
Suppose 6*x - 7*x = -5. Let m(a) = 8*a**3 - a**2 + 2*a - 1. What is the remainder when m(1) is divided by x?
3
Let v(x) = 2*x**2 - 9*x + 12. What is the remainder when 31 is divided by v(4)?
7
Let n(t) = -t**2 + 10*t + 13. What is the remainder when n(10) is divided by 3?
1
Let z(l) = l**3 + 7*l**2 - 7*l + 4. Let i be z(-8). What is the remainder when 13/(-4)*i*1 is divided by 7?
6
Suppose 9*b - 8*b = 5. Calculate the remainder when 9 is divided by b.
4
Let f = 23 - 10. What is the remainder when (-1368)/(-60) + (-1)/(-5) is divided by f?
10
Let f be 6/(-21) - (-116)/14. Let x = 19 - f. Suppose -20 = -3*m + 2*s, 0 = -5*m + m - 5*s + 19. What is the remainder when x is divided by m?
5
Let y = 5 - 7. Let i be y/7 - (-3154)/14. Suppose -o - i = -6*o. Calculate the remainder when o is divided by 23.
22
Let l(p